{"id":95,"date":"2016-05-19T01:20:36","date_gmt":"2016-05-19T01:20:36","guid":{"rendered":"http:\/\/www.victoria.com.ar\/?page_id=95"},"modified":"2025-10-07T17:23:02","modified_gmt":"2025-10-07T20:23:02","slug":"grupo-bago","status":"publish","type":"page","link":"https:\/\/eduardomorosini.com\/victoria\/grupo-bago\/","title":{"rendered":"Grupo Bag\u00f3"},"content":{"rendered":"\t\t<div data-elementor-type=\"wp-page\" data-elementor-id=\"95\" class=\"elementor elementor-95\" data-elementor-post-type=\"page\">\n\t\t\t\t<div class=\"elementor-element elementor-element-50c44fd e-con-full elementor-hidden-tablet elementor-hidden-mobile e-flex e-con e-parent\" data-id=\"50c44fd\" data-element_type=\"container\" data-settings=\"{&quot;background_background&quot;:&quot;classic&quot;}\">\n\t\t\t\t<div class=\"elementor-element elementor-element-4877bda elementor-widget elementor-widget-heading\" data-id=\"4877bda\" data-element_type=\"widget\" data-widget_type=\"heading.default\">\n\t\t\t\t\t<h1 class=\"elementor-heading-title elementor-size-default\"><a href=\"https:\/\/eduardomorosini.com\/victoria\">Inicio<\/a><\/h1>\t\t\t\t<\/div>\n\t\t\t\t<div class=\"elementor-element elementor-element-2e5d0e6 elementor-widget elementor-widget-heading\" data-id=\"2e5d0e6\" data-element_type=\"widget\" data-widget_type=\"heading.default\">\n\t\t\t\t\t<h1 class=\"elementor-heading-title elementor-size-default\">\/ Institucional<\/h1>\t\t\t\t<\/div>\n\t\t\t\t<div class=\"elementor-element elementor-element-3eb7beb elementor-widget elementor-widget-heading\" data-id=\"3eb7beb\" data-element_type=\"widget\" data-widget_type=\"heading.default\">\n\t\t\t\t\t<h3 class=\"elementor-heading-title elementor-size-default\">\/ Grupo Bag\u00f3<\/h3>\t\t\t\t<\/div>\n\t\t\t\t<\/div>\n\t\t<div class=\"elementor-element elementor-element-24236c6 e-con-full elementor-hidden-desktop e-flex e-con e-parent\" data-id=\"24236c6\" data-element_type=\"container\" data-settings=\"{&quot;background_background&quot;:&quot;gradient&quot;}\">\n\t\t\t\t<div class=\"elementor-element elementor-element-743064c elementor-widget elementor-widget-heading\" data-id=\"743064c\" data-element_type=\"widget\" data-widget_type=\"heading.default\">\n\t\t\t\t\t<h3 class=\"elementor-heading-title elementor-size-default\">Grupo Bag\u00f3<\/h3>\t\t\t\t<\/div>\n\t\t\t\t<\/div>\n\t\t<div class=\"elementor-element elementor-element-eb93f8a e-con-full e-flex e-con e-child\" data-id=\"eb93f8a\" data-element_type=\"container\" data-settings=\"{&quot;background_background&quot;:&quot;classic&quot;}\">\n\t\t\t\t<\/div>\n\t\t<div class=\"elementor-element elementor-element-3a994bc e-con-full e-flex e-con e-parent\" data-id=\"3a994bc\" data-element_type=\"container\" data-settings=\"{&quot;background_background&quot;:&quot;classic&quot;}\">\n\t\t<div class=\"elementor-element elementor-element-8469e6e e-con-full e-flex e-con e-child\" data-id=\"8469e6e\" data-element_type=\"container\">\n\t\t<div class=\"elementor-element elementor-element-8399088 e-con-full e-flex e-con e-child\" data-id=\"8399088\" data-element_type=\"container\">\n\t\t\t\t<div class=\"elementor-element elementor-element-7603079 elementor-widget__width-initial elementor-widget elementor-widget-text-editor\" data-id=\"7603079\" data-element_type=\"widget\" data-widget_type=\"text-editor.default\">\n\t\t\t\t\t\t\t\t\t<p>El <strong>Grupo Bag\u00f3<\/strong> es uno de los grupos empresarios de mayor venta en el mercado farmac\u00e9utico latinoamericano. Eso, sumado a su reconocido prestigio, lo posiciona como una de las empresas l\u00edderes de la regi\u00f3n. Es la primera corporaci\u00f3n de capital local y cobertura regional, que desarrolla, produce y comercializa sus l\u00edneas terap\u00e9uticas en toda Latinoam\u00e9rica. Adem\u00e1s, en los \u00faltimos a\u00f1os expandi\u00f3 sus operaciones a mercados no tradicionales como Rusia y varios pa\u00edses del sudeste asi\u00e1tico, donde tiene una creciente presencia. As\u00ed, pa\u00edses como Sri Lanka y China figuran entre las 47 naciones donde se comercializan los productos Bag\u00f3.<\/p><p>El<strong> Grupo Bag\u00f3<\/strong> participa adem\u00e1s de numerosas asociaciones estrat\u00e9gicas y acuerdos de complementaci\u00f3n en colaboraci\u00f3n con otras empresas l\u00edderes internacionales.<\/p><p>Cuenta con un calificado plantel de 6.500 personas, gracias a las cuales compiten con las m\u00e1s importantes corporaciones farmac\u00e9uticas del mundo. Adem\u00e1s, en Latinoam\u00e9rica, comparte los primeros puestos con las veinte empresas multinacionales m\u00e1s grandes del mundo<\/p>\t\t\t\t\t\t\t\t<\/div>\n\t\t\t\t<div class=\"elementor-element elementor-element-19050d9 elementor-widget__width-initial elementor-widget elementor-widget-text-editor\" data-id=\"19050d9\" data-element_type=\"widget\" data-widget_type=\"text-editor.default\">\n\t\t\t\t\t\t\t\t\t<p>El<strong> Grupo Bag\u00f3<\/strong> prioriza, con el m\u00e1s alto nivel de exigencia los siguientes valores:<\/p><p><strong>\u00c9tica en su gesti\u00f3n operativa empresaria<\/strong>, en sus decisiones estrat\u00e9gicas y en sus relaciones comerciales, Cient\u00edficas y Tecnol\u00f3gicas, con Empresas Nacionales e Internacionales.<\/p><p><strong>Las relaciones humanas.<\/strong> El esp\u00edritu de equipo, la capacitaci\u00f3n, la colaboraci\u00f3n y la actitud de servicio son valorados, respetados y reconocidos por la empresa.<\/p><p><strong>Trayectoria.<\/strong> En un mundo donde la velocidad de los cambios resulta una constante, Bag\u00f3 prioriza el mantenimiento de una trayectoria que debe interpretarse como un estilo justo, equilibrado y equitativo de su conducta empresaria.<\/p><p><strong>Respeto integral e irrestricto al cuerpo m\u00e9dico y farmac\u00e9utico<\/strong>, a los pacientes y a la comunidad a trav\u00e9s de productos de alta calidad y de clases terap\u00e9uticas esenciales para la salud y el bienestar de la gente.<\/p><p><strong>El Grupo Bag\u00f3<\/strong> est\u00e1 compuesto por un conjunto de s\u00f3lidas y prestigiosas compa\u00f1\u00edas cuyos principales objetivos son el cuidado de la salud, la b\u00fasqueda permanente de una mejor calidad de vida y el aporte de alta tecnolog\u00eda en sectores estrat\u00e9gicos. Entre ellas se encuentran:<\/p>\t\t\t\t\t\t\t\t<\/div>\n\t\t\t\t<\/div>\n\t\t<div class=\"elementor-element elementor-element-6269d72 e-con-full e-flex e-con e-child\" data-id=\"6269d72\" data-element_type=\"container\">\n\t\t<div class=\"elementor-element elementor-element-e17fbde e-con-full e-flex e-con e-child\" data-id=\"e17fbde\" data-element_type=\"container\">\n\t\t\t\t<div class=\"elementor-element elementor-element-cb3caa9 elementor-widget elementor-widget-image\" data-id=\"cb3caa9\" data-element_type=\"widget\" data-widget_type=\"image.default\">\n\t\t\t\t\t\t\t\t\t\t\t\t\t\t\t\t<a href=\"https:\/\/www.bago.com.ar\/\" target=\"_blank\">\n\t\t\t\t\t\t\t<img decoding=\"async\" width=\"127\" height=\"62\" src=\"https:\/\/eduardomorosini.com\/victoria\/wp-content\/uploads\/2016\/05\/logo1.jpg\" class=\"attachment-full size-full wp-image-3836\" alt=\"\" \/>\t\t\t\t\t\t\t\t<\/a>\n\t\t\t\t\t\t\t\t\t\t\t\t\t\t\t<\/div>\n\t\t\t\t<\/div>\n\t\t<div class=\"elementor-element elementor-element-b68f148 e-con-full e-flex e-con e-child\" data-id=\"b68f148\" data-element_type=\"container\">\n\t\t\t\t<div class=\"elementor-element elementor-element-33a4f06 elementor-widget elementor-widget-image\" data-id=\"33a4f06\" data-element_type=\"widget\" data-widget_type=\"image.default\">\n\t\t\t\t\t\t\t\t\t\t\t\t\t\t\t\t<a href=\"https:\/\/www.montpellier.com.ar\/\" target=\"_blank\">\n\t\t\t\t\t\t\t<img decoding=\"async\" width=\"127\" height=\"62\" src=\"https:\/\/eduardomorosini.com\/victoria\/wp-content\/uploads\/2016\/05\/logo2.jpg\" class=\"attachment-full size-full wp-image-3837\" alt=\"\" \/>\t\t\t\t\t\t\t\t<\/a>\n\t\t\t\t\t\t\t\t\t\t\t\t\t\t\t<\/div>\n\t\t\t\t<\/div>\n\t\t<div class=\"elementor-element elementor-element-409a678 e-con-full e-flex e-con e-child\" data-id=\"409a678\" data-element_type=\"container\">\n\t\t\t\t<div class=\"elementor-element elementor-element-c3315b6 elementor-widget elementor-widget-image\" data-id=\"c3315b6\" data-element_type=\"widget\" data-widget_type=\"image.default\">\n\t\t\t\t\t\t\t\t\t\t\t\t\t\t\t\t<a href=\"http:\/\/www.nutricia-bago.com.ar\/\" target=\"_blank\">\n\t\t\t\t\t\t\t<img decoding=\"async\" width=\"127\" height=\"62\" src=\"https:\/\/eduardomorosini.com\/victoria\/wp-content\/uploads\/2016\/05\/logo5.jpg\" class=\"attachment-full size-full wp-image-3838\" alt=\"\" \/>\t\t\t\t\t\t\t\t<\/a>\n\t\t\t\t\t\t\t\t\t\t\t\t\t\t\t<\/div>\n\t\t\t\t<\/div>\n\t\t<div class=\"elementor-element elementor-element-0fefa11 e-con-full e-flex e-con e-child\" data-id=\"0fefa11\" data-element_type=\"container\">\n\t\t\t\t<div class=\"elementor-element elementor-element-d934c42 elementor-widget elementor-widget-image\" data-id=\"d934c42\" data-element_type=\"widget\" data-widget_type=\"image.default\">\n\t\t\t\t\t\t\t\t\t\t\t\t\t\t\t\t<a href=\"https:\/\/www.disprofarma.com.ar\/\" target=\"_blank\">\n\t\t\t\t\t\t\t<img loading=\"lazy\" decoding=\"async\" width=\"127\" height=\"62\" src=\"https:\/\/eduardomorosini.com\/victoria\/wp-content\/uploads\/2016\/05\/logo4.jpg\" class=\"attachment-full size-full wp-image-3839\" alt=\"\" \/>\t\t\t\t\t\t\t\t<\/a>\n\t\t\t\t\t\t\t\t\t\t\t\t\t\t\t<\/div>\n\t\t\t\t<\/div>\n\t\t<div class=\"elementor-element elementor-element-a67448e e-con-full e-flex e-con e-child\" data-id=\"a67448e\" data-element_type=\"container\">\n\t\t\t\t<div class=\"elementor-element elementor-element-623cb43 elementor-widget elementor-widget-image\" data-id=\"623cb43\" data-element_type=\"widget\" data-widget_type=\"image.default\">\n\t\t\t\t\t\t\t\t\t\t\t\t\t\t\t\t<a href=\"http:\/\/www.biogenesisbago.com\/paises\/\" target=\"_blank\">\n\t\t\t\t\t\t\t<img loading=\"lazy\" decoding=\"async\" width=\"127\" height=\"62\" src=\"https:\/\/eduardomorosini.com\/victoria\/wp-content\/uploads\/2016\/05\/logo3.jpg\" class=\"attachment-full size-full wp-image-3840\" alt=\"\" \/>\t\t\t\t\t\t\t\t<\/a>\n\t\t\t\t\t\t\t\t\t\t\t\t\t\t\t<\/div>\n\t\t\t\t<\/div>\n\t\t<div class=\"elementor-element elementor-element-e0b0704 e-con-full e-flex e-con e-child\" data-id=\"e0b0704\" data-element_type=\"container\">\n\t\t\t\t<div class=\"elementor-element elementor-element-47d9e18 elementor-widget elementor-widget-image\" data-id=\"47d9e18\" data-element_type=\"widget\" data-widget_type=\"image.default\">\n\t\t\t\t\t\t\t\t\t\t\t\t\t\t\t\t<a href=\"https:\/\/bioprofarma-bago.com.ar\/\" target=\"_blank\">\n\t\t\t\t\t\t\t<img loading=\"lazy\" decoding=\"async\" width=\"127\" height=\"62\" src=\"https:\/\/eduardomorosini.com\/victoria\/wp-content\/uploads\/2016\/05\/logo6.jpg\" class=\"attachment-full size-full wp-image-3841\" alt=\"\" \/>\t\t\t\t\t\t\t\t<\/a>\n\t\t\t\t\t\t\t\t\t\t\t\t\t\t\t<\/div>\n\t\t\t\t<\/div>\n\t\t\t\t<\/div>\n\t\t\t\t<\/div>\n\t\t\t\t<\/div>\n\t\t<div class=\"elementor-element elementor-element-fe9487d e-con-full e-flex e-con e-parent\" data-id=\"fe9487d\" data-element_type=\"container\">\n\t\t\t\t<div class=\"elementor-element elementor-element-ea3b8cd elementor-post-navigation-borders-yes elementor-widget elementor-widget-post-navigation\" data-id=\"ea3b8cd\" data-element_type=\"widget\" data-widget_type=\"post-navigation.default\">\n\t\t\t\t\t\t\t<div class=\"elementor-post-navigation\" role=\"navigation\" aria-label=\"Navegaci\u00f3n de la entrada\">\n\t\t\t<div class=\"elementor-post-navigation__prev elementor-post-navigation__link\">\n\t\t\t\t<a href=\"https:\/\/eduardomorosini.com\/victoria\/nuestras-oficinas\/\" rel=\"prev\"><span class=\"post-navigation__arrow-wrapper post-navigation__arrow-prev\"><svg aria-hidden=\"true\" class=\"e-font-icon-svg e-fas-angle-left\" viewBox=\"0 0 256 512\" xmlns=\"http:\/\/www.w3.org\/2000\/svg\"><path d=\"M31.7 239l136-136c9.4-9.4 24.6-9.4 33.9 0l22.6 22.6c9.4 9.4 9.4 24.6 0 33.9L127.9 256l96.4 96.4c9.4 9.4 9.4 24.6 0 33.9L201.7 409c-9.4 9.4-24.6 9.4-33.9 0l-136-136c-9.5-9.4-9.5-24.6-.1-34z\"><\/path><\/svg><span class=\"elementor-screen-only\">Ant<\/span><\/span><span class=\"elementor-post-navigation__link__prev\"><span class=\"post-navigation__prev--label\">Anterior<\/span><span class=\"post-navigation__prev--title\">Nuestras Oficinas<\/span><\/span><\/a>\t\t\t<\/div>\n\t\t\t\t\t\t\t<div class=\"elementor-post-navigation__separator-wrapper\">\n\t\t\t\t\t<div class=\"elementor-post-navigation__separator\"><\/div>\n\t\t\t\t<\/div>\n\t\t\t\t\t\t<div class=\"elementor-post-navigation__next elementor-post-navigation__link\">\n\t\t\t\t<a href=\"https:\/\/eduardomorosini.com\/victoria\/autoridades\/\" rel=\"next\"><span class=\"elementor-post-navigation__link__next\"><span class=\"post-navigation__next--label\">Siguiente<\/span><span class=\"post-navigation__next--title\">Autoridades<\/span><\/span><span class=\"post-navigation__arrow-wrapper post-navigation__arrow-next\"><svg aria-hidden=\"true\" class=\"e-font-icon-svg e-fas-angle-right\" viewBox=\"0 0 256 512\" xmlns=\"http:\/\/www.w3.org\/2000\/svg\"><path d=\"M224.3 273l-136 136c-9.4 9.4-24.6 9.4-33.9 0l-22.6-22.6c-9.4-9.4-9.4-24.6 0-33.9l96.4-96.4-96.4-96.4c-9.4-9.4-9.4-24.6 0-33.9L54.3 103c9.4-9.4 24.6-9.4 33.9 0l136 136c9.5 9.4 9.5 24.6.1 34z\"><\/path><\/svg><span class=\"elementor-screen-only\">Siguiente<\/span><\/span><\/a>\t\t\t<\/div>\n\t\t<\/div>\n\t\t\t\t\t\t<\/div>\n\t\t\t\t<\/div>\n\t\t\t\t<\/div>\n\t\t","protected":false},"excerpt":{"rendered":"<p>Inicio \/ Institucional \/ Grupo Bag\u00f3 Grupo Bag\u00f3 El Grupo Bag\u00f3 es uno de los grupos empresarios de mayor venta en el mercado farmac\u00e9utico latinoamericano. Eso, sumado a su reconocido prestigio, lo posiciona como una de las empresas l\u00edderes de la regi\u00f3n. Es la primera corporaci\u00f3n de capital local y cobertura regional, que desarrolla, produce [&hellip;]<\/p>\n","protected":false},"author":1,"featured_media":9655,"parent":0,"menu_order":0,"comment_status":"closed","ping_status":"closed","template":"","meta":{"footnotes":""},"class_list":["post-95","page","type-page","status-publish","has-post-thumbnail","hentry"],"yoast_head":"<!-- This site is optimized with the Yoast SEO plugin v26.6 - https:\/\/yoast.com\/wordpress\/plugins\/seo\/ -->\n<title>Grupo Bag\u00f3 - Victoria Seguros<\/title>\n<meta name=\"description\" content=\"100 a\u00f1os en el mercado hacen de VICTORIA SEGUROS una empresa s\u00f3lida y responsable. Una empresa que comprende las necesidades del asegurado, con capacidad de respuesta y dinamismo. Una empresa que conoce muy bien el camino al liderazgo y que apuesta a estrategias claras y precisas. Con un management eficiente y experimentado, una tecnolog\u00eda moderna y un fuerte respaldo.\" \/>\n<meta name=\"robots\" content=\"index, follow, max-snippet:-1, max-image-preview:large, max-video-preview:-1\" \/>\n<link rel=\"canonical\" href=\"https:\/\/eduardomorosini.com\/victoria\/grupo-bago\/\" \/>\n<meta property=\"og:locale\" content=\"es_ES\" \/>\n<meta property=\"og:type\" content=\"article\" \/>\n<meta property=\"og:title\" content=\"Grupo Bag\u00f3\" \/>\n<meta property=\"og:description\" content=\"Inicio \/ Institucional \/ Grupo Bag\u00f3 Grupo Bag\u00f3 El Grupo Bag\u00f3 es uno de los grupos empresarios de mayor venta en el mercado farmac\u00e9utico latinoamericano.\" \/>\n<meta property=\"og:url\" content=\"https:\/\/eduardomorosini.com\/victoria\/grupo-bago\/\" \/>\n<meta property=\"og:site_name\" content=\"Victoria Seguros\" \/>\n<meta property=\"article:modified_time\" content=\"2025-10-07T20:23:02+00:00\" \/>\n<meta property=\"og:image\" content=\"https:\/\/eduardomorosini.com\/victoria\/wp-content\/uploads\/2022\/03\/placa-logo.png\" \/>\n\t<meta property=\"og:image:width\" content=\"1080\" \/>\n\t<meta property=\"og:image:height\" content=\"1080\" \/>\n\t<meta property=\"og:image:type\" content=\"image\/png\" \/>\n<meta name=\"twitter:card\" content=\"summary_large_image\" \/>\n<meta name=\"twitter:title\" content=\"Grupo Bag\u00f3\" \/>\n<meta name=\"twitter:description\" content=\"Inicio \/ Institucional \/ Grupo Bag\u00f3 Grupo Bag\u00f3 El Grupo Bag\u00f3 es uno de los grupos empresarios de mayor venta en el mercado farmac\u00e9utico latinoamericano.\" \/>\n<meta name=\"twitter:image\" content=\"https:\/\/eduardomorosini.com\/victoria\/wp-content\/uploads\/2022\/03\/placa-logo.png\" \/>\n<script type=\"application\/ld+json\" class=\"yoast-schema-graph\">{\"@context\":\"https:\/\/schema.org\",\"@graph\":[{\"@type\":\"WebPage\",\"@id\":\"https:\/\/eduardomorosini.com\/victoria\/grupo-bago\/\",\"url\":\"https:\/\/eduardomorosini.com\/victoria\/grupo-bago\/\",\"name\":\"Grupo Bag\u00f3 - Victoria Seguros\",\"isPartOf\":{\"@id\":\"https:\/\/eduardomorosini.com\/victoria\/#website\"},\"primaryImageOfPage\":{\"@id\":\"https:\/\/eduardomorosini.com\/victoria\/grupo-bago\/#primaryimage\"},\"image\":{\"@id\":\"https:\/\/eduardomorosini.com\/victoria\/grupo-bago\/#primaryimage\"},\"thumbnailUrl\":\"https:\/\/eduardomorosini.com\/victoria\/wp-content\/uploads\/2022\/03\/placa-logo.png\",\"datePublished\":\"2016-05-19T01:20:36+00:00\",\"dateModified\":\"2025-10-07T20:23:02+00:00\",\"description\":\"100 a\u00f1os en el mercado hacen de VICTORIA SEGUROS una empresa s\u00f3lida y responsable. Una empresa que comprende las necesidades del asegurado, con capacidad de respuesta y dinamismo. Una empresa que conoce muy bien el camino al liderazgo y que apuesta a estrategias claras y precisas. Con un management eficiente y experimentado, una tecnolog\u00eda moderna y un fuerte respaldo.\",\"breadcrumb\":{\"@id\":\"https:\/\/eduardomorosini.com\/victoria\/grupo-bago\/#breadcrumb\"},\"inLanguage\":\"es\",\"potentialAction\":[{\"@type\":\"ReadAction\",\"target\":[\"https:\/\/eduardomorosini.com\/victoria\/grupo-bago\/\"]}]},{\"@type\":\"ImageObject\",\"inLanguage\":\"es\",\"@id\":\"https:\/\/eduardomorosini.com\/victoria\/grupo-bago\/#primaryimage\",\"url\":\"https:\/\/eduardomorosini.com\/victoria\/wp-content\/uploads\/2022\/03\/placa-logo.png\",\"contentUrl\":\"https:\/\/eduardomorosini.com\/victoria\/wp-content\/uploads\/2022\/03\/placa-logo.png\",\"width\":1080,\"height\":1080,\"caption\":\"Victoria Seguros\"},{\"@type\":\"BreadcrumbList\",\"@id\":\"https:\/\/eduardomorosini.com\/victoria\/grupo-bago\/#breadcrumb\",\"itemListElement\":[{\"@type\":\"ListItem\",\"position\":1,\"name\":\"Portada\",\"item\":\"https:\/\/eduardomorosini.com\/victoria\/\"},{\"@type\":\"ListItem\",\"position\":2,\"name\":\"Grupo Bag\u00f3\"}]},{\"@type\":\"WebSite\",\"@id\":\"https:\/\/eduardomorosini.com\/victoria\/#website\",\"url\":\"https:\/\/eduardomorosini.com\/victoria\/\",\"name\":\"Victoria Seguros\",\"description\":\"Seguros para Automotores :: Empresas :: Cauci\u00f3n :: Agro :: ART :: Accidentes Personales ::\",\"publisher\":{\"@id\":\"https:\/\/eduardomorosini.com\/victoria\/#organization\"},\"potentialAction\":[{\"@type\":\"SearchAction\",\"target\":{\"@type\":\"EntryPoint\",\"urlTemplate\":\"https:\/\/eduardomorosini.com\/victoria\/?s={search_term_string}\"},\"query-input\":{\"@type\":\"PropertyValueSpecification\",\"valueRequired\":true,\"valueName\":\"search_term_string\"}}],\"inLanguage\":\"es\"},{\"@type\":\"Organization\",\"@id\":\"https:\/\/eduardomorosini.com\/victoria\/#organization\",\"name\":\"Victoria Seguros\",\"url\":\"https:\/\/eduardomorosini.com\/victoria\/\",\"logo\":{\"@type\":\"ImageObject\",\"inLanguage\":\"es\",\"@id\":\"https:\/\/eduardomorosini.com\/victoria\/#\/schema\/logo\/image\/\",\"url\":\"https:\/\/eduardomorosini.com\/victoria\/wp-content\/uploads\/2022\/03\/logo-victoria-seguros.png\",\"contentUrl\":\"https:\/\/eduardomorosini.com\/victoria\/wp-content\/uploads\/2022\/03\/logo-victoria-seguros.png\",\"width\":900,\"height\":400,\"caption\":\"Victoria Seguros\"},\"image\":{\"@id\":\"https:\/\/eduardomorosini.com\/victoria\/#\/schema\/logo\/image\/\"}}]}<\/script>\n<!-- \/ Yoast SEO plugin. -->","yoast_head_json":{"title":"Grupo Bag\u00f3 - Victoria Seguros","description":"100 a\u00f1os en el mercado hacen de VICTORIA SEGUROS una empresa s\u00f3lida y responsable. Una empresa que comprende las necesidades del asegurado, con capacidad de respuesta y dinamismo. Una empresa que conoce muy bien el camino al liderazgo y que apuesta a estrategias claras y precisas. Con un management eficiente y experimentado, una tecnolog\u00eda moderna y un fuerte respaldo.","robots":{"index":"index","follow":"follow","max-snippet":"max-snippet:-1","max-image-preview":"max-image-preview:large","max-video-preview":"max-video-preview:-1"},"canonical":"https:\/\/eduardomorosini.com\/victoria\/grupo-bago\/","og_locale":"es_ES","og_type":"article","og_title":"Grupo Bag\u00f3","og_description":"Inicio \/ Institucional \/ Grupo Bag\u00f3 Grupo Bag\u00f3 El Grupo Bag\u00f3 es uno de los grupos empresarios de mayor venta en el mercado farmac\u00e9utico latinoamericano.","og_url":"https:\/\/eduardomorosini.com\/victoria\/grupo-bago\/","og_site_name":"Victoria Seguros","article_modified_time":"2025-10-07T20:23:02+00:00","og_image":[{"width":1080,"height":1080,"url":"https:\/\/eduardomorosini.com\/victoria\/wp-content\/uploads\/2022\/03\/placa-logo.png","type":"image\/png"}],"twitter_card":"summary_large_image","twitter_title":"Grupo Bag\u00f3","twitter_description":"Inicio \/ Institucional \/ Grupo Bag\u00f3 Grupo Bag\u00f3 El Grupo Bag\u00f3 es uno de los grupos empresarios de mayor venta en el mercado farmac\u00e9utico latinoamericano.","twitter_image":"https:\/\/eduardomorosini.com\/victoria\/wp-content\/uploads\/2022\/03\/placa-logo.png","schema":{"@context":"https:\/\/schema.org","@graph":[{"@type":"WebPage","@id":"https:\/\/eduardomorosini.com\/victoria\/grupo-bago\/","url":"https:\/\/eduardomorosini.com\/victoria\/grupo-bago\/","name":"Grupo Bag\u00f3 - Victoria Seguros","isPartOf":{"@id":"https:\/\/eduardomorosini.com\/victoria\/#website"},"primaryImageOfPage":{"@id":"https:\/\/eduardomorosini.com\/victoria\/grupo-bago\/#primaryimage"},"image":{"@id":"https:\/\/eduardomorosini.com\/victoria\/grupo-bago\/#primaryimage"},"thumbnailUrl":"https:\/\/eduardomorosini.com\/victoria\/wp-content\/uploads\/2022\/03\/placa-logo.png","datePublished":"2016-05-19T01:20:36+00:00","dateModified":"2025-10-07T20:23:02+00:00","description":"100 a\u00f1os en el mercado hacen de VICTORIA SEGUROS una empresa s\u00f3lida y responsable. Una empresa que comprende las necesidades del asegurado, con capacidad de respuesta y dinamismo. Una empresa que conoce muy bien el camino al liderazgo y que apuesta a estrategias claras y precisas. Con un management eficiente y experimentado, una tecnolog\u00eda moderna y un fuerte respaldo.","breadcrumb":{"@id":"https:\/\/eduardomorosini.com\/victoria\/grupo-bago\/#breadcrumb"},"inLanguage":"es","potentialAction":[{"@type":"ReadAction","target":["https:\/\/eduardomorosini.com\/victoria\/grupo-bago\/"]}]},{"@type":"ImageObject","inLanguage":"es","@id":"https:\/\/eduardomorosini.com\/victoria\/grupo-bago\/#primaryimage","url":"https:\/\/eduardomorosini.com\/victoria\/wp-content\/uploads\/2022\/03\/placa-logo.png","contentUrl":"https:\/\/eduardomorosini.com\/victoria\/wp-content\/uploads\/2022\/03\/placa-logo.png","width":1080,"height":1080,"caption":"Victoria Seguros"},{"@type":"BreadcrumbList","@id":"https:\/\/eduardomorosini.com\/victoria\/grupo-bago\/#breadcrumb","itemListElement":[{"@type":"ListItem","position":1,"name":"Portada","item":"https:\/\/eduardomorosini.com\/victoria\/"},{"@type":"ListItem","position":2,"name":"Grupo Bag\u00f3"}]},{"@type":"WebSite","@id":"https:\/\/eduardomorosini.com\/victoria\/#website","url":"https:\/\/eduardomorosini.com\/victoria\/","name":"Victoria Seguros","description":"Seguros para Automotores :: Empresas :: Cauci\u00f3n :: Agro :: ART :: Accidentes Personales ::","publisher":{"@id":"https:\/\/eduardomorosini.com\/victoria\/#organization"},"potentialAction":[{"@type":"SearchAction","target":{"@type":"EntryPoint","urlTemplate":"https:\/\/eduardomorosini.com\/victoria\/?s={search_term_string}"},"query-input":{"@type":"PropertyValueSpecification","valueRequired":true,"valueName":"search_term_string"}}],"inLanguage":"es"},{"@type":"Organization","@id":"https:\/\/eduardomorosini.com\/victoria\/#organization","name":"Victoria Seguros","url":"https:\/\/eduardomorosini.com\/victoria\/","logo":{"@type":"ImageObject","inLanguage":"es","@id":"https:\/\/eduardomorosini.com\/victoria\/#\/schema\/logo\/image\/","url":"https:\/\/eduardomorosini.com\/victoria\/wp-content\/uploads\/2022\/03\/logo-victoria-seguros.png","contentUrl":"https:\/\/eduardomorosini.com\/victoria\/wp-content\/uploads\/2022\/03\/logo-victoria-seguros.png","width":900,"height":400,"caption":"Victoria Seguros"},"image":{"@id":"https:\/\/eduardomorosini.com\/victoria\/#\/schema\/logo\/image\/"}}]}},"_links":{"self":[{"href":"https:\/\/eduardomorosini.com\/victoria\/wp-json\/wp\/v2\/pages\/95","targetHints":{"allow":["GET"]}}],"collection":[{"href":"https:\/\/eduardomorosini.com\/victoria\/wp-json\/wp\/v2\/pages"}],"about":[{"href":"https:\/\/eduardomorosini.com\/victoria\/wp-json\/wp\/v2\/types\/page"}],"author":[{"embeddable":true,"href":"https:\/\/eduardomorosini.com\/victoria\/wp-json\/wp\/v2\/users\/1"}],"replies":[{"embeddable":true,"href":"https:\/\/eduardomorosini.com\/victoria\/wp-json\/wp\/v2\/comments?post=95"}],"version-history":[{"count":43,"href":"https:\/\/eduardomorosini.com\/victoria\/wp-json\/wp\/v2\/pages\/95\/revisions"}],"predecessor-version":[{"id":13786,"href":"https:\/\/eduardomorosini.com\/victoria\/wp-json\/wp\/v2\/pages\/95\/revisions\/13786"}],"wp:featuredmedia":[{"embeddable":true,"href":"https:\/\/eduardomorosini.com\/victoria\/wp-json\/wp\/v2\/media\/9655"}],"wp:attachment":[{"href":"https:\/\/eduardomorosini.com\/victoria\/wp-json\/wp\/v2\/media?parent=95"}],"curies":[{"name":"wp","href":"https:\/\/api.w.org\/{rel}","templated":true}]}}