{"id":93,"date":"2016-05-19T01:20:17","date_gmt":"2016-05-19T01:20:17","guid":{"rendered":"http:\/\/www.victoria.com.ar\/?page_id=93"},"modified":"2025-10-07T17:41:44","modified_gmt":"2025-10-07T20:41:44","slug":"nuestras-oficinas","status":"publish","type":"page","link":"https:\/\/eduardomorosini.com\/victoria\/nuestras-oficinas\/","title":{"rendered":"Nuestras Oficinas"},"content":{"rendered":"\t\t<div data-elementor-type=\"wp-page\" data-elementor-id=\"93\" class=\"elementor elementor-93\" data-elementor-post-type=\"page\">\n\t\t\t\t<div class=\"elementor-element elementor-element-02cd322 e-con-full elementor-hidden-tablet elementor-hidden-mobile e-flex e-con e-parent\" data-id=\"02cd322\" data-element_type=\"container\" data-settings=\"{&quot;background_background&quot;:&quot;classic&quot;}\">\n\t\t\t\t<div class=\"elementor-element elementor-element-5ebfc36 elementor-widget elementor-widget-heading\" data-id=\"5ebfc36\" data-element_type=\"widget\" data-widget_type=\"heading.default\">\n\t\t\t\t\t<h1 class=\"elementor-heading-title elementor-size-default\"><a href=\"https:\/\/eduardomorosini.com\/victoria\">Inicio<\/a><\/h1>\t\t\t\t<\/div>\n\t\t\t\t<div class=\"elementor-element elementor-element-c6e2d73 elementor-widget elementor-widget-heading\" data-id=\"c6e2d73\" data-element_type=\"widget\" data-widget_type=\"heading.default\">\n\t\t\t\t\t<h1 class=\"elementor-heading-title elementor-size-default\">\/ Institucional<\/h1>\t\t\t\t<\/div>\n\t\t\t\t<div class=\"elementor-element elementor-element-2f7c316 elementor-widget elementor-widget-heading\" data-id=\"2f7c316\" data-element_type=\"widget\" data-widget_type=\"heading.default\">\n\t\t\t\t\t<h3 class=\"elementor-heading-title elementor-size-default\">\/ Oficinas<\/h3>\t\t\t\t<\/div>\n\t\t\t\t<\/div>\n\t\t<div class=\"elementor-element elementor-element-e734a41 e-con-full elementor-hidden-desktop e-flex e-con e-parent\" data-id=\"e734a41\" data-element_type=\"container\" data-settings=\"{&quot;background_background&quot;:&quot;gradient&quot;}\">\n\t\t\t\t<div class=\"elementor-element elementor-element-62e0506 elementor-widget elementor-widget-heading\" data-id=\"62e0506\" data-element_type=\"widget\" data-widget_type=\"heading.default\">\n\t\t\t\t\t<h3 class=\"elementor-heading-title elementor-size-default\">Oficinas<\/h3>\t\t\t\t<\/div>\n\t\t\t\t<\/div>\n\t\t<div class=\"elementor-element elementor-element-1441138 e-con-full e-flex e-con e-child\" data-id=\"1441138\" data-element_type=\"container\" data-settings=\"{&quot;background_background&quot;:&quot;classic&quot;}\">\n\t\t\t\t<\/div>\n\t\t<div class=\"elementor-element elementor-element-a4c3a4d e-con-full e-flex e-con e-parent\" data-id=\"a4c3a4d\" data-element_type=\"container\" data-settings=\"{&quot;background_background&quot;:&quot;classic&quot;}\">\n\t\t<div class=\"elementor-element elementor-element-c1cb1ed e-con-full e-flex e-con e-child\" data-id=\"c1cb1ed\" data-element_type=\"container\">\n\t\t\t\t<div class=\"elementor-element elementor-element-56fac46 elementor-widget__width-initial elementor-widget elementor-widget-text-editor\" data-id=\"56fac46\" data-element_type=\"widget\" data-widget_type=\"text-editor.default\">\n\t\t\t\t\t\t\t\t\t<p>En <strong>VICTORIA SEGUROS<\/strong> tenemos como pol\u00edtica comprometernos profundamente con cada ciudad donde trabajamos. Por ello, en todo nuevo emprendimiento conformamos un grupo de trabajo con gente del lugar de reconocida trayectoria e idoneidad profesional, garantiz\u00e1ndonos de esta manera los est\u00e1ndares de calidad de servicio que nos imponemos y un excelente nivel de representatividad de la Compa\u00f1\u00eda reconociendo y respetando a la vez, las particularidades propias de cada regi\u00f3n en la que estamos presentes.<\/p><p>Ciertamente creemos que toda empresa que se jacte de ser competente, indefectiblemente debe contar con un mix de trabajo, en donde todos los integrantes del mismo aporten, desde su experiencia y las propias capacidades, las distintas visiones de los mercados permiti\u00e9ndonos de esta manera ser <em>\u00ablocales\u00bb<\/em> en cada uno de ellos.<\/p>\t\t\t\t\t\t\t\t<\/div>\n\t\t<div class=\"elementor-element elementor-element-96c2f20 e-con-full e-flex e-con e-child\" data-id=\"96c2f20\" data-element_type=\"container\">\n\t\t<div class=\"elementor-element elementor-element-893cf09 e-con-full e-flex e-con e-child\" data-id=\"893cf09\" data-element_type=\"container\">\n\t\t\t\t<div class=\"elementor-element elementor-element-de34c58 elementor-widget elementor-widget-heading\" data-id=\"de34c58\" data-element_type=\"widget\" data-widget_type=\"heading.default\">\n\t\t\t\t\t<h3 class=\"elementor-heading-title elementor-size-default\">Buenos Aires - Casa Central.<\/h3>\t\t\t\t<\/div>\n\t\t\t\t<div class=\"elementor-element elementor-element-1db8009 elementor-widget elementor-widget-text-editor\" data-id=\"1db8009\" data-element_type=\"widget\" data-widget_type=\"text-editor.default\">\n\t\t\t\t\t\t\t\t\t<p><strong>Domicilio.<\/strong><br \/>Av. Leandro N. Alem 855, piso 17, (C1001ADD) Ciudad Aut\u00f3noma de Buenos Aires<\/p><p><strong>Emails.<\/strong><br \/>comercial@victoria.com.ar<br \/>siniestros@victoria.com.ar<br \/>cobranzas@victoria.com.ar<\/p><p><strong>Tel\u00e9fonos.<\/strong><br \/>011-3986-1600 (l\u00edneas rotativas)<\/p>\t\t\t\t\t\t\t\t<\/div>\n\t\t\t\t<\/div>\n\t\t\t\t<\/div>\n\t\t<div class=\"elementor-element elementor-element-242007c e-con-full e-flex e-con e-child\" data-id=\"242007c\" data-element_type=\"container\">\n\t\t<div class=\"elementor-element elementor-element-fa92418 e-con-full e-flex e-con e-child\" data-id=\"fa92418\" data-element_type=\"container\">\n\t\t\t\t<div class=\"elementor-element elementor-element-0ecf53a elementor-widget elementor-widget-heading\" data-id=\"0ecf53a\" data-element_type=\"widget\" data-widget_type=\"heading.default\">\n\t\t\t\t\t<h3 class=\"elementor-heading-title elementor-size-default\">C\u00f3rdoba.<\/h3>\t\t\t\t<\/div>\n\t\t\t\t<div class=\"elementor-element elementor-element-fd03a01 elementor-widget elementor-widget-text-editor\" data-id=\"fd03a01\" data-element_type=\"widget\" data-widget_type=\"text-editor.default\">\n\t\t\t\t\t\t\t\t\t<p><strong>Domicilio.<\/strong><br \/>Lavalleja 785, piso 4, Semipiso \u00abA\u00bb<br \/><strong>Email.<br \/><\/strong>cordoba@victoria.com.ar<br \/><strong>Tel\u00e9fono.<\/strong><br \/>0800-555-4040<\/p>\t\t\t\t\t\t\t\t<\/div>\n\t\t\t\t<\/div>\n\t\t<div class=\"elementor-element elementor-element-e4b8962 e-con-full e-flex e-con e-child\" data-id=\"e4b8962\" data-element_type=\"container\">\n\t\t\t\t<div class=\"elementor-element elementor-element-25858a7 elementor-widget elementor-widget-heading\" data-id=\"25858a7\" data-element_type=\"widget\" data-widget_type=\"heading.default\">\n\t\t\t\t\t<h3 class=\"elementor-heading-title elementor-size-default\">Entre R\u00edos.<\/h3>\t\t\t\t<\/div>\n\t\t\t\t<div class=\"elementor-element elementor-element-5dcc513 elementor-widget elementor-widget-text-editor\" data-id=\"5dcc513\" data-element_type=\"widget\" data-widget_type=\"text-editor.default\">\n\t\t\t\t\t\t\t\t\t<p><strong>Domicilio.<\/strong><br \/>San Mart\u00edn 649 (3260) Conc. del Uruguay \u2013 Entre R\u00edos<br \/><strong>Email.<\/strong><br \/>parer@victoria.com.ar<br \/><strong>Tel\u00e9fonos.<\/strong><br \/>(03442) 42-4585 \/ 7872<\/p>\t\t\t\t\t\t\t\t<\/div>\n\t\t\t\t<\/div>\n\t\t<div class=\"elementor-element elementor-element-3d332c8 e-con-full e-flex e-con e-child\" data-id=\"3d332c8\" data-element_type=\"container\">\n\t\t\t\t<div class=\"elementor-element elementor-element-36333ea elementor-widget elementor-widget-heading\" data-id=\"36333ea\" data-element_type=\"widget\" data-widget_type=\"heading.default\">\n\t\t\t\t\t<h3 class=\"elementor-heading-title elementor-size-default\">Rosario.<\/h3>\t\t\t\t<\/div>\n\t\t\t\t<div class=\"elementor-element elementor-element-22a6625 elementor-widget elementor-widget-text-editor\" data-id=\"22a6625\" data-element_type=\"widget\" data-widget_type=\"text-editor.default\">\n\t\t\t\t\t\t\t\t\t<p><strong>Domicilio.<\/strong><br \/>Corrientes 631, 2do. piso, Of. E (2000) Rosario \u2013 Sta F\u00e9<br \/><strong>Email.<\/strong><br \/>rosario@victoria.com.ar<br \/><strong>Tel\u00e9fonos.<\/strong><br \/>(0341) 424-7493 \/ 94<\/p>\t\t\t\t\t\t\t\t<\/div>\n\t\t\t\t<\/div>\n\t\t\t\t<\/div>\n\t\t\t\t<\/div>\n\t\t\t\t<\/div>\n\t\t<div class=\"elementor-element elementor-element-54452ac e-con-full e-flex e-con e-parent\" data-id=\"54452ac\" data-element_type=\"container\">\n\t\t\t\t<div class=\"elementor-element elementor-element-fcfc644 elementor-post-navigation-borders-yes elementor-widget elementor-widget-post-navigation\" data-id=\"fcfc644\" data-element_type=\"widget\" data-widget_type=\"post-navigation.default\">\n\t\t\t\t\t\t\t<div class=\"elementor-post-navigation\" role=\"navigation\" aria-label=\"Navegaci\u00f3n de la entrada\">\n\t\t\t<div class=\"elementor-post-navigation__prev elementor-post-navigation__link\">\n\t\t\t\t<a href=\"https:\/\/eduardomorosini.com\/victoria\/nuestra-cultura\/\" rel=\"prev\"><span class=\"post-navigation__arrow-wrapper post-navigation__arrow-prev\"><svg aria-hidden=\"true\" class=\"e-font-icon-svg e-fas-angle-left\" viewBox=\"0 0 256 512\" xmlns=\"http:\/\/www.w3.org\/2000\/svg\"><path d=\"M31.7 239l136-136c9.4-9.4 24.6-9.4 33.9 0l22.6 22.6c9.4 9.4 9.4 24.6 0 33.9L127.9 256l96.4 96.4c9.4 9.4 9.4 24.6 0 33.9L201.7 409c-9.4 9.4-24.6 9.4-33.9 0l-136-136c-9.5-9.4-9.5-24.6-.1-34z\"><\/path><\/svg><span class=\"elementor-screen-only\">Ant<\/span><\/span><span class=\"elementor-post-navigation__link__prev\"><span class=\"post-navigation__prev--label\">Anterior<\/span><span class=\"post-navigation__prev--title\">Nuestra Cultura<\/span><\/span><\/a>\t\t\t<\/div>\n\t\t\t\t\t\t\t<div class=\"elementor-post-navigation__separator-wrapper\">\n\t\t\t\t\t<div class=\"elementor-post-navigation__separator\"><\/div>\n\t\t\t\t<\/div>\n\t\t\t\t\t\t<div class=\"elementor-post-navigation__next elementor-post-navigation__link\">\n\t\t\t\t<a href=\"https:\/\/eduardomorosini.com\/victoria\/grupo-bago\/\" rel=\"next\"><span class=\"elementor-post-navigation__link__next\"><span class=\"post-navigation__next--label\">Siguiente<\/span><span class=\"post-navigation__next--title\">Grupo Bag\u00f3<\/span><\/span><span class=\"post-navigation__arrow-wrapper post-navigation__arrow-next\"><svg aria-hidden=\"true\" class=\"e-font-icon-svg e-fas-angle-right\" viewBox=\"0 0 256 512\" xmlns=\"http:\/\/www.w3.org\/2000\/svg\"><path d=\"M224.3 273l-136 136c-9.4 9.4-24.6 9.4-33.9 0l-22.6-22.6c-9.4-9.4-9.4-24.6 0-33.9l96.4-96.4-96.4-96.4c-9.4-9.4-9.4-24.6 0-33.9L54.3 103c9.4-9.4 24.6-9.4 33.9 0l136 136c9.5 9.4 9.5 24.6.1 34z\"><\/path><\/svg><span class=\"elementor-screen-only\">Siguiente<\/span><\/span><\/a>\t\t\t<\/div>\n\t\t<\/div>\n\t\t\t\t\t\t<\/div>\n\t\t\t\t<\/div>\n\t\t\t\t<\/div>\n\t\t","protected":false},"excerpt":{"rendered":"<p>Inicio \/ Institucional \/ Oficinas Oficinas En VICTORIA SEGUROS tenemos como pol\u00edtica comprometernos profundamente con cada ciudad donde trabajamos. Por ello, en todo nuevo emprendimiento conformamos un grupo de trabajo con gente del lugar de reconocida trayectoria e idoneidad profesional, garantiz\u00e1ndonos de esta manera los est\u00e1ndares de calidad de servicio que nos imponemos y un [&hellip;]<\/p>\n","protected":false},"author":1,"featured_media":9655,"parent":0,"menu_order":0,"comment_status":"closed","ping_status":"closed","template":"","meta":{"footnotes":""},"class_list":["post-93","page","type-page","status-publish","has-post-thumbnail","hentry"],"yoast_head":"<!-- This site is optimized with the Yoast SEO plugin v26.6 - https:\/\/yoast.com\/wordpress\/plugins\/seo\/ -->\n<title>Nuestras Oficinas - Victoria Seguros<\/title>\n<meta name=\"description\" content=\"100 a\u00f1os en el mercado hacen de VICTORIA SEGUROS una empresa s\u00f3lida y responsable. Una empresa que comprende las necesidades del asegurado, con capacidad de respuesta y dinamismo. Una empresa que conoce muy bien el camino al liderazgo y que apuesta a estrategias claras y precisas. Con un management eficiente y experimentado, una tecnolog\u00eda moderna y un fuerte respaldo.\" \/>\n<meta name=\"robots\" content=\"index, follow, max-snippet:-1, max-image-preview:large, max-video-preview:-1\" \/>\n<link rel=\"canonical\" href=\"https:\/\/eduardomorosini.com\/victoria\/nuestras-oficinas\/\" \/>\n<meta property=\"og:locale\" content=\"es_ES\" \/>\n<meta property=\"og:type\" content=\"article\" \/>\n<meta property=\"og:title\" content=\"Nuestras Oficinas\" \/>\n<meta property=\"og:description\" content=\"Inicio \/ Institucional \/ Oficinas Oficinas En VICTORIA SEGUROS tenemos como pol\u00edtica comprometernos profundamente con cada ciudad donde trabajamos. Por\" \/>\n<meta property=\"og:url\" content=\"https:\/\/eduardomorosini.com\/victoria\/nuestras-oficinas\/\" \/>\n<meta property=\"og:site_name\" content=\"Victoria Seguros\" \/>\n<meta property=\"article:modified_time\" content=\"2025-10-07T20:41:44+00:00\" \/>\n<meta property=\"og:image\" content=\"https:\/\/eduardomorosini.com\/victoria\/wp-content\/uploads\/2022\/03\/placa-logo.png\" \/>\n\t<meta property=\"og:image:width\" content=\"1080\" \/>\n\t<meta property=\"og:image:height\" content=\"1080\" \/>\n\t<meta property=\"og:image:type\" content=\"image\/png\" \/>\n<meta name=\"twitter:card\" content=\"summary_large_image\" \/>\n<meta name=\"twitter:title\" content=\"Nuestras Oficinas\" \/>\n<meta name=\"twitter:description\" content=\"Inicio \/ Institucional \/ Oficinas Oficinas En VICTORIA SEGUROS tenemos como pol\u00edtica comprometernos profundamente con cada ciudad donde trabajamos. Por\" \/>\n<meta name=\"twitter:image\" content=\"https:\/\/eduardomorosini.com\/victoria\/wp-content\/uploads\/2022\/03\/placa-logo.png\" \/>\n<script type=\"application\/ld+json\" class=\"yoast-schema-graph\">{\"@context\":\"https:\/\/schema.org\",\"@graph\":[{\"@type\":\"WebPage\",\"@id\":\"https:\/\/eduardomorosini.com\/victoria\/nuestras-oficinas\/\",\"url\":\"https:\/\/eduardomorosini.com\/victoria\/nuestras-oficinas\/\",\"name\":\"Nuestras Oficinas - Victoria Seguros\",\"isPartOf\":{\"@id\":\"https:\/\/eduardomorosini.com\/victoria\/#website\"},\"primaryImageOfPage\":{\"@id\":\"https:\/\/eduardomorosini.com\/victoria\/nuestras-oficinas\/#primaryimage\"},\"image\":{\"@id\":\"https:\/\/eduardomorosini.com\/victoria\/nuestras-oficinas\/#primaryimage\"},\"thumbnailUrl\":\"https:\/\/eduardomorosini.com\/victoria\/wp-content\/uploads\/2022\/03\/placa-logo.png\",\"datePublished\":\"2016-05-19T01:20:17+00:00\",\"dateModified\":\"2025-10-07T20:41:44+00:00\",\"description\":\"100 a\u00f1os en el mercado hacen de VICTORIA SEGUROS una empresa s\u00f3lida y responsable. Una empresa que comprende las necesidades del asegurado, con capacidad de respuesta y dinamismo. Una empresa que conoce muy bien el camino al liderazgo y que apuesta a estrategias claras y precisas. Con un management eficiente y experimentado, una tecnolog\u00eda moderna y un fuerte respaldo.\",\"breadcrumb\":{\"@id\":\"https:\/\/eduardomorosini.com\/victoria\/nuestras-oficinas\/#breadcrumb\"},\"inLanguage\":\"es\",\"potentialAction\":[{\"@type\":\"ReadAction\",\"target\":[\"https:\/\/eduardomorosini.com\/victoria\/nuestras-oficinas\/\"]}]},{\"@type\":\"ImageObject\",\"inLanguage\":\"es\",\"@id\":\"https:\/\/eduardomorosini.com\/victoria\/nuestras-oficinas\/#primaryimage\",\"url\":\"https:\/\/eduardomorosini.com\/victoria\/wp-content\/uploads\/2022\/03\/placa-logo.png\",\"contentUrl\":\"https:\/\/eduardomorosini.com\/victoria\/wp-content\/uploads\/2022\/03\/placa-logo.png\",\"width\":1080,\"height\":1080,\"caption\":\"Victoria Seguros\"},{\"@type\":\"BreadcrumbList\",\"@id\":\"https:\/\/eduardomorosini.com\/victoria\/nuestras-oficinas\/#breadcrumb\",\"itemListElement\":[{\"@type\":\"ListItem\",\"position\":1,\"name\":\"Portada\",\"item\":\"https:\/\/eduardomorosini.com\/victoria\/\"},{\"@type\":\"ListItem\",\"position\":2,\"name\":\"Nuestras Oficinas\"}]},{\"@type\":\"WebSite\",\"@id\":\"https:\/\/eduardomorosini.com\/victoria\/#website\",\"url\":\"https:\/\/eduardomorosini.com\/victoria\/\",\"name\":\"Victoria Seguros\",\"description\":\"Seguros para Automotores :: Empresas :: Cauci\u00f3n :: Agro :: ART :: Accidentes Personales ::\",\"publisher\":{\"@id\":\"https:\/\/eduardomorosini.com\/victoria\/#organization\"},\"potentialAction\":[{\"@type\":\"SearchAction\",\"target\":{\"@type\":\"EntryPoint\",\"urlTemplate\":\"https:\/\/eduardomorosini.com\/victoria\/?s={search_term_string}\"},\"query-input\":{\"@type\":\"PropertyValueSpecification\",\"valueRequired\":true,\"valueName\":\"search_term_string\"}}],\"inLanguage\":\"es\"},{\"@type\":\"Organization\",\"@id\":\"https:\/\/eduardomorosini.com\/victoria\/#organization\",\"name\":\"Victoria Seguros\",\"url\":\"https:\/\/eduardomorosini.com\/victoria\/\",\"logo\":{\"@type\":\"ImageObject\",\"inLanguage\":\"es\",\"@id\":\"https:\/\/eduardomorosini.com\/victoria\/#\/schema\/logo\/image\/\",\"url\":\"https:\/\/eduardomorosini.com\/victoria\/wp-content\/uploads\/2022\/03\/logo-victoria-seguros.png\",\"contentUrl\":\"https:\/\/eduardomorosini.com\/victoria\/wp-content\/uploads\/2022\/03\/logo-victoria-seguros.png\",\"width\":900,\"height\":400,\"caption\":\"Victoria Seguros\"},\"image\":{\"@id\":\"https:\/\/eduardomorosini.com\/victoria\/#\/schema\/logo\/image\/\"}}]}<\/script>\n<!-- \/ Yoast SEO plugin. -->","yoast_head_json":{"title":"Nuestras Oficinas - Victoria Seguros","description":"100 a\u00f1os en el mercado hacen de VICTORIA SEGUROS una empresa s\u00f3lida y responsable. Una empresa que comprende las necesidades del asegurado, con capacidad de respuesta y dinamismo. Una empresa que conoce muy bien el camino al liderazgo y que apuesta a estrategias claras y precisas. Con un management eficiente y experimentado, una tecnolog\u00eda moderna y un fuerte respaldo.","robots":{"index":"index","follow":"follow","max-snippet":"max-snippet:-1","max-image-preview":"max-image-preview:large","max-video-preview":"max-video-preview:-1"},"canonical":"https:\/\/eduardomorosini.com\/victoria\/nuestras-oficinas\/","og_locale":"es_ES","og_type":"article","og_title":"Nuestras Oficinas","og_description":"Inicio \/ Institucional \/ Oficinas Oficinas En VICTORIA SEGUROS tenemos como pol\u00edtica comprometernos profundamente con cada ciudad donde trabajamos. Por","og_url":"https:\/\/eduardomorosini.com\/victoria\/nuestras-oficinas\/","og_site_name":"Victoria Seguros","article_modified_time":"2025-10-07T20:41:44+00:00","og_image":[{"width":1080,"height":1080,"url":"https:\/\/eduardomorosini.com\/victoria\/wp-content\/uploads\/2022\/03\/placa-logo.png","type":"image\/png"}],"twitter_card":"summary_large_image","twitter_title":"Nuestras Oficinas","twitter_description":"Inicio \/ Institucional \/ Oficinas Oficinas En VICTORIA SEGUROS tenemos como pol\u00edtica comprometernos profundamente con cada ciudad donde trabajamos. Por","twitter_image":"https:\/\/eduardomorosini.com\/victoria\/wp-content\/uploads\/2022\/03\/placa-logo.png","schema":{"@context":"https:\/\/schema.org","@graph":[{"@type":"WebPage","@id":"https:\/\/eduardomorosini.com\/victoria\/nuestras-oficinas\/","url":"https:\/\/eduardomorosini.com\/victoria\/nuestras-oficinas\/","name":"Nuestras Oficinas - Victoria Seguros","isPartOf":{"@id":"https:\/\/eduardomorosini.com\/victoria\/#website"},"primaryImageOfPage":{"@id":"https:\/\/eduardomorosini.com\/victoria\/nuestras-oficinas\/#primaryimage"},"image":{"@id":"https:\/\/eduardomorosini.com\/victoria\/nuestras-oficinas\/#primaryimage"},"thumbnailUrl":"https:\/\/eduardomorosini.com\/victoria\/wp-content\/uploads\/2022\/03\/placa-logo.png","datePublished":"2016-05-19T01:20:17+00:00","dateModified":"2025-10-07T20:41:44+00:00","description":"100 a\u00f1os en el mercado hacen de VICTORIA SEGUROS una empresa s\u00f3lida y responsable. Una empresa que comprende las necesidades del asegurado, con capacidad de respuesta y dinamismo. Una empresa que conoce muy bien el camino al liderazgo y que apuesta a estrategias claras y precisas. Con un management eficiente y experimentado, una tecnolog\u00eda moderna y un fuerte respaldo.","breadcrumb":{"@id":"https:\/\/eduardomorosini.com\/victoria\/nuestras-oficinas\/#breadcrumb"},"inLanguage":"es","potentialAction":[{"@type":"ReadAction","target":["https:\/\/eduardomorosini.com\/victoria\/nuestras-oficinas\/"]}]},{"@type":"ImageObject","inLanguage":"es","@id":"https:\/\/eduardomorosini.com\/victoria\/nuestras-oficinas\/#primaryimage","url":"https:\/\/eduardomorosini.com\/victoria\/wp-content\/uploads\/2022\/03\/placa-logo.png","contentUrl":"https:\/\/eduardomorosini.com\/victoria\/wp-content\/uploads\/2022\/03\/placa-logo.png","width":1080,"height":1080,"caption":"Victoria Seguros"},{"@type":"BreadcrumbList","@id":"https:\/\/eduardomorosini.com\/victoria\/nuestras-oficinas\/#breadcrumb","itemListElement":[{"@type":"ListItem","position":1,"name":"Portada","item":"https:\/\/eduardomorosini.com\/victoria\/"},{"@type":"ListItem","position":2,"name":"Nuestras Oficinas"}]},{"@type":"WebSite","@id":"https:\/\/eduardomorosini.com\/victoria\/#website","url":"https:\/\/eduardomorosini.com\/victoria\/","name":"Victoria Seguros","description":"Seguros para Automotores :: Empresas :: Cauci\u00f3n :: Agro :: ART :: Accidentes Personales ::","publisher":{"@id":"https:\/\/eduardomorosini.com\/victoria\/#organization"},"potentialAction":[{"@type":"SearchAction","target":{"@type":"EntryPoint","urlTemplate":"https:\/\/eduardomorosini.com\/victoria\/?s={search_term_string}"},"query-input":{"@type":"PropertyValueSpecification","valueRequired":true,"valueName":"search_term_string"}}],"inLanguage":"es"},{"@type":"Organization","@id":"https:\/\/eduardomorosini.com\/victoria\/#organization","name":"Victoria Seguros","url":"https:\/\/eduardomorosini.com\/victoria\/","logo":{"@type":"ImageObject","inLanguage":"es","@id":"https:\/\/eduardomorosini.com\/victoria\/#\/schema\/logo\/image\/","url":"https:\/\/eduardomorosini.com\/victoria\/wp-content\/uploads\/2022\/03\/logo-victoria-seguros.png","contentUrl":"https:\/\/eduardomorosini.com\/victoria\/wp-content\/uploads\/2022\/03\/logo-victoria-seguros.png","width":900,"height":400,"caption":"Victoria Seguros"},"image":{"@id":"https:\/\/eduardomorosini.com\/victoria\/#\/schema\/logo\/image\/"}}]}},"_links":{"self":[{"href":"https:\/\/eduardomorosini.com\/victoria\/wp-json\/wp\/v2\/pages\/93","targetHints":{"allow":["GET"]}}],"collection":[{"href":"https:\/\/eduardomorosini.com\/victoria\/wp-json\/wp\/v2\/pages"}],"about":[{"href":"https:\/\/eduardomorosini.com\/victoria\/wp-json\/wp\/v2\/types\/page"}],"author":[{"embeddable":true,"href":"https:\/\/eduardomorosini.com\/victoria\/wp-json\/wp\/v2\/users\/1"}],"replies":[{"embeddable":true,"href":"https:\/\/eduardomorosini.com\/victoria\/wp-json\/wp\/v2\/comments?post=93"}],"version-history":[{"count":49,"href":"https:\/\/eduardomorosini.com\/victoria\/wp-json\/wp\/v2\/pages\/93\/revisions"}],"predecessor-version":[{"id":13802,"href":"https:\/\/eduardomorosini.com\/victoria\/wp-json\/wp\/v2\/pages\/93\/revisions\/13802"}],"wp:featuredmedia":[{"embeddable":true,"href":"https:\/\/eduardomorosini.com\/victoria\/wp-json\/wp\/v2\/media\/9655"}],"wp:attachment":[{"href":"https:\/\/eduardomorosini.com\/victoria\/wp-json\/wp\/v2\/media?parent=93"}],"curies":[{"name":"wp","href":"https:\/\/api.w.org\/{rel}","templated":true}]}}