{"id":12777,"date":"2025-06-16T05:47:00","date_gmt":"2025-06-16T08:47:00","guid":{"rendered":"https:\/\/eduardomorosini.com\/victoria\/?page_id=12777"},"modified":"2025-11-24T16:44:06","modified_gmt":"2025-11-24T19:44:06","slug":"hogar","status":"publish","type":"page","link":"https:\/\/eduardomorosini.com\/victoria\/hogar\/","title":{"rendered":"Hogar"},"content":{"rendered":"\t\t<div data-elementor-type=\"wp-page\" data-elementor-id=\"12777\" class=\"elementor elementor-12777\" data-elementor-post-type=\"page\">\n\t\t\t\t<div class=\"elementor-element elementor-element-64b8c1d e-con-full elementor-hidden-tablet elementor-hidden-mobile e-flex e-con e-parent\" data-id=\"64b8c1d\" data-element_type=\"container\" data-settings=\"{&quot;background_background&quot;:&quot;classic&quot;}\">\n\t\t\t\t<div class=\"elementor-element elementor-element-9a2b213 elementor-widget elementor-widget-heading\" data-id=\"9a2b213\" data-element_type=\"widget\" data-widget_type=\"heading.default\">\n\t\t\t\t\t<h1 class=\"elementor-heading-title elementor-size-default\"><a href=\"https:\/\/eduardomorosini.com\/victoria\">Inicio<\/a><\/h1>\t\t\t\t<\/div>\n\t\t\t\t<div class=\"elementor-element elementor-element-47efec5 elementor-widget elementor-widget-heading\" data-id=\"47efec5\" data-element_type=\"widget\" data-widget_type=\"heading.default\">\n\t\t\t\t\t<h1 class=\"elementor-heading-title elementor-size-default\"><a href=\"https:\/\/eduardomorosini.com\/victoria\/seguros\/\">\/ Seguros<\/a><\/h1>\t\t\t\t<\/div>\n\t\t\t\t<div class=\"elementor-element elementor-element-f3654ba elementor-widget elementor-widget-heading\" data-id=\"f3654ba\" data-element_type=\"widget\" data-widget_type=\"heading.default\">\n\t\t\t\t\t<h3 class=\"elementor-heading-title elementor-size-default\">\/ Hogar<\/h3>\t\t\t\t<\/div>\n\t\t\t\t<\/div>\n\t\t<div class=\"elementor-element elementor-element-b7a08c1 e-con-full elementor-hidden-desktop e-flex e-con e-parent\" data-id=\"b7a08c1\" data-element_type=\"container\" data-settings=\"{&quot;background_background&quot;:&quot;gradient&quot;}\">\n\t\t\t\t<div class=\"elementor-element elementor-element-ef134e6 elementor-widget elementor-widget-heading\" data-id=\"ef134e6\" data-element_type=\"widget\" data-widget_type=\"heading.default\">\n\t\t\t\t\t<h3 class=\"elementor-heading-title elementor-size-default\">Hogar<\/h3>\t\t\t\t<\/div>\n\t\t\t\t<\/div>\n\t\t<div class=\"elementor-element elementor-element-00ad822 e-con-full e-flex e-con e-child\" data-id=\"00ad822\" data-element_type=\"container\" data-settings=\"{&quot;background_background&quot;:&quot;classic&quot;}\">\n\t\t\t\t<\/div>\n\t\t<div class=\"elementor-element elementor-element-888d71a e-con-full e-flex e-con e-parent\" data-id=\"888d71a\" data-element_type=\"container\">\n\t\t<div class=\"elementor-element elementor-element-69e1444 e-con-full e-flex e-con e-child\" data-id=\"69e1444\" data-element_type=\"container\">\n\t\t\t\t<div class=\"elementor-element elementor-element-5fcd000 elementor-widget elementor-widget-text-editor\" data-id=\"5fcd000\" data-element_type=\"widget\" data-widget_type=\"text-editor.default\">\n\t\t\t\t\t\t\t\t\t<p><strong>VICTORIA SEGUROS<\/strong> cuenta con una amplia gama de seguros que responden a tus necesidades en materia de cobertura de Hogar.<\/p><p><strong>Productos y servicios que ponemos a tu disposici\u00f3n.<\/strong><\/p>\t\t\t\t\t\t\t\t<\/div>\n\t\t\t\t<\/div>\n\t\t<div class=\"elementor-element elementor-element-f287193 e-con-full e-flex e-con e-child\" data-id=\"f287193\" data-element_type=\"container\">\n\t\t\t\t<div class=\"elementor-element elementor-element-b3e160c elementor-widget elementor-widget-n-accordion\" data-id=\"b3e160c\" data-element_type=\"widget\" data-settings=\"{&quot;default_state&quot;:&quot;expanded&quot;,&quot;max_items_expended&quot;:&quot;one&quot;,&quot;n_accordion_animation_duration&quot;:{&quot;unit&quot;:&quot;ms&quot;,&quot;size&quot;:400,&quot;sizes&quot;:[]}}\" data-widget_type=\"nested-accordion.default\">\n\t\t\t\t\t\t\t<div class=\"e-n-accordion\" aria-label=\"Accordion. Open links with Enter or Space, close with Escape, and navigate with Arrow Keys\">\n\t\t\t\t\t\t<details id=\"e-n-accordion-item-1880\" class=\"e-n-accordion-item\" open>\n\t\t\t\t<summary class=\"e-n-accordion-item-title\" data-accordion-index=\"1\" tabindex=\"0\" aria-expanded=\"true\" aria-controls=\"e-n-accordion-item-1880\" >\n\t\t\t\t\t<span class='e-n-accordion-item-title-header'><div class=\"e-n-accordion-item-title-text\"> Combinado Familiar Plus <\/div><\/span>\n\t\t\t\t\t\t\t<span class='e-n-accordion-item-title-icon'>\n\t\t\t<span class='e-opened' ><svg aria-hidden=\"true\" class=\"e-font-icon-svg e-fas-minus\" viewBox=\"0 0 448 512\" xmlns=\"http:\/\/www.w3.org\/2000\/svg\"><path d=\"M416 208H32c-17.67 0-32 14.33-32 32v32c0 17.67 14.33 32 32 32h384c17.67 0 32-14.33 32-32v-32c0-17.67-14.33-32-32-32z\"><\/path><\/svg><\/span>\n\t\t\t<span class='e-closed'><svg aria-hidden=\"true\" class=\"e-font-icon-svg e-fas-plus\" viewBox=\"0 0 448 512\" xmlns=\"http:\/\/www.w3.org\/2000\/svg\"><path d=\"M416 208H272V64c0-17.67-14.33-32-32-32h-32c-17.67 0-32 14.33-32 32v144H32c-17.67 0-32 14.33-32 32v32c0 17.67 14.33 32 32 32h144v144c0 17.67 14.33 32 32 32h32c17.67 0 32-14.33 32-32V304h144c17.67 0 32-14.33 32-32v-32c0-17.67-14.33-32-32-32z\"><\/path><\/svg><\/span>\n\t\t<\/span>\n\n\t\t\t\t\t\t<\/summary>\n\t\t\t\t<div role=\"region\" aria-labelledby=\"e-n-accordion-item-1880\" class=\"elementor-element elementor-element-53ccca2 e-con-full e-flex e-con e-child\" data-id=\"53ccca2\" data-element_type=\"container\">\n\t\t\t\t<div class=\"elementor-element elementor-element-338811a elementor-widget elementor-widget-text-editor\" data-id=\"338811a\" data-element_type=\"widget\" data-widget_type=\"text-editor.default\">\n\t\t\t\t\t\t\t\t\t<p><strong>VICTORIA SEGUROS<\/strong>\u00a0pone a su alcance\u00a0<strong>Cobertura Familiar Plus<\/strong>, un seguro integral para su vivienda, para que usted pueda armar su seguro a su medida dentro de los planes que le ofrecemos.<\/p><p>M\u00e1s accesible, m\u00e1s ventajoso, m\u00e1s acorde a sus necesidades. Est\u00e1 claro, no es un seguro m\u00e1s.<\/p><p>S\u00f3lo usted sabe lo que realmente necesita, por eso <strong>VICTORIA SEGUROS<\/strong>\u00a0le brinda la posibilidad de elegir entre una amplia gama de coberturas para que pueda optar por aquellas que mejor se adaptan a sus necesidades.<\/p><h6><span style=\"color: #000000;\">COBERTURAS B\u00c1SICAS<\/span><\/h6><h6><strong>INCENDIO<\/strong><\/h6><p><strong>Cobertura:<\/strong><br \/>Da\u00f1os materiales a consecuencia de incendio, rayo y\/o explosi\u00f3n; da\u00f1os directos por huelga, tumulto popular, lock-out, malevolencia, vandalismo e impacto de aeronaves y veh\u00edculos terrestres de terceros. Humo.<\/p><p><strong>Coberturas adicionales sin costo:<\/strong><\/p><ol><li>Da\u00f1os al edificio. Da\u00f1os al contenido.<\/li><\/ol><p><strong><br \/>Coberturas adicionales sin costo:<\/strong><\/p><ol><li>Hurac\u00e1n, vendaval, cicl\u00f3n y tornado.<\/li><li>Granizo.<\/li><li>Terremoto.<\/li><\/ol><p><em><br \/>*Coberturas Adicionales; Servicios Adicionales y sus l\u00edmites, sujetos a las condiciones generales y particulares de la p\u00f3liza contratada.<\/em><\/p><h6><strong><br \/>ROBO Y HURTO<\/strong><\/h6><p><strong>Cobertura:<\/strong><br \/>Cubre la p\u00e9rdida por robo o hurto del contenido general de propiedad del Asegurado, de los miembros de su familia que convivan con \u00e9l, de sus hu\u00e9spedes y\/o de su servicio dom\u00e9stico, que se encuentren ubicados en la vivienda especificada en la p\u00f3liza.<\/p><p><strong>Coberturas en:<\/strong><\/p><ul><li>Mobiliarios y contenido general.<\/li><li>TV.<\/li><li>Computadoras Personales (PC).<\/li><li>Audio.<\/li><li>Video.<\/li><li>DVD.<\/li><li>Fotograf\u00eda.<\/li><\/ul><h6><strong><br \/>CRISTALES<\/strong><\/h6><p>Rotura, da\u00f1os e incendio sobre Vidrios, cristales y espejos ubicados en posici\u00f3n vertical.<\/p><h6><span style=\"color: #000000;\"><br \/>COBERTURAS ADICIONALES OPCIONALES<\/span><\/h6><p><strong>Accidentes Personales del titular y\/o c\u00f3nyuge.<\/strong><br \/><strong>Accidentes Personales del servicio dom\u00e9stico en el lugar de trabajo.<\/strong><br \/><strong>Responsabilidad Civil por hechos privados:<\/strong><\/p><ul><li>Cubre la responsabilidad civil emergente de los hechos privados imputables al Asegurado, a su grupo familiar que conviva con \u00e9l y\/o a sus dependientes.<\/li><li>Se entiende por hechos privados aquellos que no se vinculen con cualquier actividad profesional, comercial,industrial o laboral de ning\u00fan tipo.<\/li><li>Si incluye tenencia de animales dom\u00e9sticos y pileta de nataci\u00f3n.<\/li><\/ul><p><strong><br \/>Da\u00f1os por agua a bienes muebles:<\/strong><\/p><ul><li>Cubre al contenido general exclusivamente por rotura de ca\u00f1er\u00edas y\/o desbordes de tanque.<\/li><\/ul><p><em><br \/>*Coberturas Adicionales; Servicios Adicionales y sus l\u00edmites, sujetos a las condiciones generales y particulares de la p\u00f3liza contratada.<\/em><\/p>\t\t\t\t\t\t\t\t<\/div>\n\t\t\t\t<\/div>\n\t\t\t\t\t<\/details>\n\t\t\t\t\t\t<details id=\"e-n-accordion-item-1881\" class=\"e-n-accordion-item\" >\n\t\t\t\t<summary class=\"e-n-accordion-item-title\" data-accordion-index=\"2\" tabindex=\"-1\" aria-expanded=\"false\" aria-controls=\"e-n-accordion-item-1881\" >\n\t\t\t\t\t<span class='e-n-accordion-item-title-header'><div class=\"e-n-accordion-item-title-text\"> Combinado Familiar Max <\/div><\/span>\n\t\t\t\t\t\t\t<span class='e-n-accordion-item-title-icon'>\n\t\t\t<span class='e-opened' ><svg aria-hidden=\"true\" class=\"e-font-icon-svg e-fas-minus\" viewBox=\"0 0 448 512\" xmlns=\"http:\/\/www.w3.org\/2000\/svg\"><path d=\"M416 208H32c-17.67 0-32 14.33-32 32v32c0 17.67 14.33 32 32 32h384c17.67 0 32-14.33 32-32v-32c0-17.67-14.33-32-32-32z\"><\/path><\/svg><\/span>\n\t\t\t<span class='e-closed'><svg aria-hidden=\"true\" class=\"e-font-icon-svg e-fas-plus\" viewBox=\"0 0 448 512\" xmlns=\"http:\/\/www.w3.org\/2000\/svg\"><path d=\"M416 208H272V64c0-17.67-14.33-32-32-32h-32c-17.67 0-32 14.33-32 32v144H32c-17.67 0-32 14.33-32 32v32c0 17.67 14.33 32 32 32h144v144c0 17.67 14.33 32 32 32h32c17.67 0 32-14.33 32-32V304h144c17.67 0 32-14.33 32-32v-32c0-17.67-14.33-32-32-32z\"><\/path><\/svg><\/span>\n\t\t<\/span>\n\n\t\t\t\t\t\t<\/summary>\n\t\t\t\t<div role=\"region\" aria-labelledby=\"e-n-accordion-item-1881\" class=\"elementor-element elementor-element-4430944 e-con-full e-flex e-con e-child\" data-id=\"4430944\" data-element_type=\"container\">\n\t\t\t\t<div class=\"elementor-element elementor-element-282390b elementor-widget elementor-widget-text-editor\" data-id=\"282390b\" data-element_type=\"widget\" data-widget_type=\"text-editor.default\">\n\t\t\t\t\t\t\t\t\t<p><strong>VICTORIA SEGUROS<\/strong>\u00a0pone a su alcance\u00a0<strong>Cobertura Familiar MAX<\/strong>, un seguro integral para su vivienda, para que usted pueda armar su seguro a su medida dentro de los planes que le ofrecemos.<\/p><p>Para un cliente exigente. M\u00e1s accesible, m\u00e1s ventajoso, m\u00e1s acorde a sus necesidades.<\/p><p>S\u00f3lo usted sabe lo que realmente necesita, por eso\u00a0<strong>VICTORIA SEGUROS<\/strong>\u00a0le brinda la posibilidad de elegir entre una amplia gama de coberturas para que pueda optar por aquellas que mejor se adaptan a sus necesidades.<\/p><h6><span style=\"color: #000000;\"><br \/>COBERTURAS B\u00c1SICAS<\/span><\/h6><h6><strong>INCENDIO<\/strong><\/h6><ul><li>Coberturas B\u00e1sicas.<\/li><li>Da\u00f1os materiales a consecuencia de incendio, rayo y\/o explosi\u00f3n; da\u00f1os directos por huelga, tumulto popular, lock-out, malevolencia, vandalismo e impacto de aeronaves y veh\u00edculos terrestres de terceros. Humo. Da\u00f1os al edificio. Da\u00f1os al contenido; Granizo; Retiro de escombros, Hurac\u00e1n, vendaval, cicl\u00f3n y tornado; Terremoto; gastos de alojamiento; vivienda de vacaciones (contenido).<\/li><\/ul><h6><strong><br \/>ROBO Y HURTO<\/strong><\/h6><ul><li>Coberturas B\u00e1sicas.<\/li><li>Coberturas adicionales. Mobiliarios y Contenido Genera; Robo de dinero en v\u00eda p\u00fablica; vivienda de vacaciones (contenido); compra protegida electrodom\u00e9sticos.<\/li><\/ul><h6><strong><br \/>TODO RIESGO<\/strong><\/h6><ul><li>Coberturas B\u00e1sicas.<\/li><li>\u00abTodo Riesgo en domicilio\u00bb va Todo Riesgo para TV, PC, Notebooks, video, consola de video juegos y fotograf\u00eda.<\/li><\/ul><h6><strong><br \/>CRISTALES<\/strong><\/h6><ul><li>Cristales. Vitreas y espejos.<br \/><br \/><\/li><\/ul><h6><span style=\"color: #000000;\">COBERTURAS ADICIONALES OPTATIVAS<\/span><\/h6><ul><li>Todo Riesgo en Rep\u00fablica Argentina.<\/li><li>Accidentes Personales del titular y\/o c\u00f3nyuge.<\/li><li>Accidentes Personales del servicio dom\u00e9stico.<\/li><li>Accidentes Personales para el jardinero o piletero.<\/li><li>Responsabilidad Civil por hechos privados.<\/li><li>Responsabilidad Civil. Incluye Piscina.<\/li><li>Da\u00f1os por agua.<\/li><li>Equipo Reproductor del autom\u00f3vil.<\/li><\/ul>\t\t\t\t\t\t\t\t<\/div>\n\t\t\t\t<\/div>\n\t\t\t\t\t<\/details>\n\t\t\t\t\t<\/div>\n\t\t\t\t\t\t<\/div>\n\t\t\t\t<div class=\"elementor-element elementor-element-89d851b elementor-widget elementor-widget-spacer\" data-id=\"89d851b\" data-element_type=\"widget\" data-widget_type=\"spacer.default\">\n\t\t\t\t\t\t\t<div class=\"elementor-spacer\">\n\t\t\t<div class=\"elementor-spacer-inner\"><\/div>\n\t\t<\/div>\n\t\t\t\t\t\t<\/div>\n\t\t\t\t<\/div>\n\t\t\t\t<\/div>\n\t\t<div class=\"elementor-element elementor-element-c0e47bb e-con-full e-flex e-con e-parent\" data-id=\"c0e47bb\" data-element_type=\"container\">\n\t\t\t\t<div class=\"elementor-element elementor-element-66c2094 elementor-align-center elementor-mobile-align-justify elementor-widget elementor-widget-button\" data-id=\"66c2094\" data-element_type=\"widget\" data-widget_type=\"button.default\">\n\t\t\t\t\t\t\t\t\t\t<a class=\"elementor-button elementor-button-link elementor-size-lg\" href=\"#elementor-action%3Aaction%3Dpopup%3Aopen%26settings%3DeyJpZCI6IjE0MDM1IiwidG9nZ2xlIjpmYWxzZX0%3D\">\n\t\t\t\t\t\t<span class=\"elementor-button-content-wrapper\">\n\t\t\t\t\t\t<span class=\"elementor-button-icon\">\n\t\t\t\t<svg aria-hidden=\"true\" class=\"e-font-icon-svg e-far-comments\" viewBox=\"0 0 576 512\" xmlns=\"http:\/\/www.w3.org\/2000\/svg\"><path d=\"M532 386.2c27.5-27.1 44-61.1 44-98.2 0-80-76.5-146.1-176.2-157.9C368.3 72.5 294.3 32 208 32 93.1 32 0 103.6 0 192c0 37 16.5 71 44 98.2-15.3 30.7-37.3 54.5-37.7 54.9-6.3 6.7-8.1 16.5-4.4 25 3.6 8.5 12 14 21.2 14 53.5 0 96.7-20.2 125.2-38.8 9.2 2.1 18.7 3.7 28.4 4.9C208.1 407.6 281.8 448 368 448c20.8 0 40.8-2.4 59.8-6.8C456.3 459.7 499.4 480 553 480c9.2 0 17.5-5.5 21.2-14 3.6-8.5 1.9-18.3-4.4-25-.4-.3-22.5-24.1-37.8-54.8zm-392.8-92.3L122.1 305c-14.1 9.1-28.5 16.3-43.1 21.4 2.7-4.7 5.4-9.7 8-14.8l15.5-31.1L77.7 256C64.2 242.6 48 220.7 48 192c0-60.7 73.3-112 160-112s160 51.3 160 112-73.3 112-160 112c-16.5 0-33-1.9-49-5.6l-19.8-4.5zM498.3 352l-24.7 24.4 15.5 31.1c2.6 5.1 5.3 10.1 8 14.8-14.6-5.1-29-12.3-43.1-21.4l-17.1-11.1-19.9 4.6c-16 3.7-32.5 5.6-49 5.6-54 0-102.2-20.1-131.3-49.7C338 339.5 416 272.9 416 192c0-3.4-.4-6.7-.7-10C479.7 196.5 528 238.8 528 288c0 28.7-16.2 50.6-29.7 64z\"><\/path><\/svg>\t\t\t<\/span>\n\t\t\t\t\t\t\t\t\t<span class=\"elementor-button-text\">Me interesa<\/span>\n\t\t\t\t\t<\/span>\n\t\t\t\t\t<\/a>\n\t\t\t\t\t\t\t\t<\/div>\n\t\t\t\t<\/div>\n\t\t<div class=\"elementor-element elementor-element-b007b4e e-con-full e-flex e-con e-parent\" data-id=\"b007b4e\" data-element_type=\"container\">\n\t\t\t\t<div class=\"elementor-element elementor-element-922c79a elementor-post-navigation-borders-yes elementor-widget elementor-widget-post-navigation\" data-id=\"922c79a\" data-element_type=\"widget\" data-widget_type=\"post-navigation.default\">\n\t\t\t\t\t\t\t<div class=\"elementor-post-navigation\" role=\"navigation\" aria-label=\"Navegaci\u00f3n de la entrada\">\n\t\t\t<div class=\"elementor-post-navigation__prev elementor-post-navigation__link\">\n\t\t\t\t<a href=\"https:\/\/eduardomorosini.com\/victoria\/automotores\/\" rel=\"prev\"><span class=\"post-navigation__arrow-wrapper post-navigation__arrow-prev\"><svg aria-hidden=\"true\" class=\"e-font-icon-svg e-fas-angle-left\" viewBox=\"0 0 256 512\" xmlns=\"http:\/\/www.w3.org\/2000\/svg\"><path d=\"M31.7 239l136-136c9.4-9.4 24.6-9.4 33.9 0l22.6 22.6c9.4 9.4 9.4 24.6 0 33.9L127.9 256l96.4 96.4c9.4 9.4 9.4 24.6 0 33.9L201.7 409c-9.4 9.4-24.6 9.4-33.9 0l-136-136c-9.5-9.4-9.5-24.6-.1-34z\"><\/path><\/svg><span class=\"elementor-screen-only\">Ant<\/span><\/span><span class=\"elementor-post-navigation__link__prev\"><span class=\"post-navigation__prev--label\">Anterior<\/span><span class=\"post-navigation__prev--title\">Automotores<\/span><\/span><\/a>\t\t\t<\/div>\n\t\t\t\t\t\t\t<div class=\"elementor-post-navigation__separator-wrapper\">\n\t\t\t\t\t<div class=\"elementor-post-navigation__separator\"><\/div>\n\t\t\t\t<\/div>\n\t\t\t\t\t\t<div class=\"elementor-post-navigation__next elementor-post-navigation__link\">\n\t\t\t\t<a href=\"https:\/\/eduardomorosini.com\/victoria\/accidentes-personales\/\" rel=\"next\"><span class=\"elementor-post-navigation__link__next\"><span class=\"post-navigation__next--label\">Siguiente<\/span><span class=\"post-navigation__next--title\">Accidentes Personales<\/span><\/span><span class=\"post-navigation__arrow-wrapper post-navigation__arrow-next\"><svg aria-hidden=\"true\" class=\"e-font-icon-svg e-fas-angle-right\" viewBox=\"0 0 256 512\" xmlns=\"http:\/\/www.w3.org\/2000\/svg\"><path d=\"M224.3 273l-136 136c-9.4 9.4-24.6 9.4-33.9 0l-22.6-22.6c-9.4-9.4-9.4-24.6 0-33.9l96.4-96.4-96.4-96.4c-9.4-9.4-9.4-24.6 0-33.9L54.3 103c9.4-9.4 24.6-9.4 33.9 0l136 136c9.5 9.4 9.5 24.6.1 34z\"><\/path><\/svg><span class=\"elementor-screen-only\">Siguiente<\/span><\/span><\/a>\t\t\t<\/div>\n\t\t<\/div>\n\t\t\t\t\t\t<\/div>\n\t\t\t\t<\/div>\n\t\t\t\t<\/div>\n\t\t","protected":false},"excerpt":{"rendered":"<p>Inicio \/ Seguros \/ Hogar Hogar VICTORIA SEGUROS cuenta con una amplia gama de seguros que responden a tus necesidades en materia de cobertura de Hogar. Productos y servicios que ponemos a tu disposici\u00f3n. Combinado Familiar Plus VICTORIA SEGUROS\u00a0pone a su alcance\u00a0Cobertura Familiar Plus, un seguro integral para su vivienda, para que usted pueda armar [&hellip;]<\/p>\n","protected":false},"author":1,"featured_media":0,"parent":0,"menu_order":0,"comment_status":"closed","ping_status":"closed","template":"","meta":{"footnotes":""},"class_list":["post-12777","page","type-page","status-publish","hentry"],"yoast_head":"<!-- This site is optimized with the Yoast SEO plugin v26.6 - https:\/\/yoast.com\/wordpress\/plugins\/seo\/ -->\n<title>Hogar - Victoria Seguros<\/title>\n<meta name=\"robots\" content=\"index, follow, max-snippet:-1, max-image-preview:large, max-video-preview:-1\" \/>\n<link rel=\"canonical\" href=\"https:\/\/eduardomorosini.com\/victoria\/hogar\/\" \/>\n<meta property=\"og:locale\" content=\"es_ES\" \/>\n<meta property=\"og:type\" content=\"article\" \/>\n<meta property=\"og:title\" content=\"Hogar - Victoria Seguros\" \/>\n<meta property=\"og:description\" content=\"Inicio \/ Seguros \/ Hogar Hogar VICTORIA SEGUROS cuenta con una amplia gama de seguros que responden a tus necesidades en materia de cobertura de Hogar. Productos y servicios que ponemos a tu disposici\u00f3n. Combinado Familiar Plus VICTORIA SEGUROS\u00a0pone a su alcance\u00a0Cobertura Familiar Plus, un seguro integral para su vivienda, para que usted pueda armar [&hellip;]\" \/>\n<meta property=\"og:url\" content=\"https:\/\/eduardomorosini.com\/victoria\/hogar\/\" \/>\n<meta property=\"og:site_name\" content=\"Victoria Seguros\" \/>\n<meta property=\"article:modified_time\" content=\"2025-11-24T19:44:06+00:00\" \/>\n<meta name=\"twitter:card\" content=\"summary_large_image\" \/>\n<script type=\"application\/ld+json\" class=\"yoast-schema-graph\">{\"@context\":\"https:\/\/schema.org\",\"@graph\":[{\"@type\":\"WebPage\",\"@id\":\"https:\/\/eduardomorosini.com\/victoria\/hogar\/\",\"url\":\"https:\/\/eduardomorosini.com\/victoria\/hogar\/\",\"name\":\"Hogar - Victoria Seguros\",\"isPartOf\":{\"@id\":\"https:\/\/eduardomorosini.com\/victoria\/#website\"},\"datePublished\":\"2025-06-16T08:47:00+00:00\",\"dateModified\":\"2025-11-24T19:44:06+00:00\",\"breadcrumb\":{\"@id\":\"https:\/\/eduardomorosini.com\/victoria\/hogar\/#breadcrumb\"},\"inLanguage\":\"es\",\"potentialAction\":[{\"@type\":\"ReadAction\",\"target\":[\"https:\/\/eduardomorosini.com\/victoria\/hogar\/\"]}]},{\"@type\":\"BreadcrumbList\",\"@id\":\"https:\/\/eduardomorosini.com\/victoria\/hogar\/#breadcrumb\",\"itemListElement\":[{\"@type\":\"ListItem\",\"position\":1,\"name\":\"Portada\",\"item\":\"https:\/\/eduardomorosini.com\/victoria\/\"},{\"@type\":\"ListItem\",\"position\":2,\"name\":\"Hogar\"}]},{\"@type\":\"WebSite\",\"@id\":\"https:\/\/eduardomorosini.com\/victoria\/#website\",\"url\":\"https:\/\/eduardomorosini.com\/victoria\/\",\"name\":\"Victoria Seguros\",\"description\":\"Seguros para Automotores :: Empresas :: Cauci\u00f3n :: Agro :: ART :: Accidentes Personales ::\",\"publisher\":{\"@id\":\"https:\/\/eduardomorosini.com\/victoria\/#organization\"},\"potentialAction\":[{\"@type\":\"SearchAction\",\"target\":{\"@type\":\"EntryPoint\",\"urlTemplate\":\"https:\/\/eduardomorosini.com\/victoria\/?s={search_term_string}\"},\"query-input\":{\"@type\":\"PropertyValueSpecification\",\"valueRequired\":true,\"valueName\":\"search_term_string\"}}],\"inLanguage\":\"es\"},{\"@type\":\"Organization\",\"@id\":\"https:\/\/eduardomorosini.com\/victoria\/#organization\",\"name\":\"Victoria Seguros\",\"url\":\"https:\/\/eduardomorosini.com\/victoria\/\",\"logo\":{\"@type\":\"ImageObject\",\"inLanguage\":\"es\",\"@id\":\"https:\/\/eduardomorosini.com\/victoria\/#\/schema\/logo\/image\/\",\"url\":\"https:\/\/eduardomorosini.com\/victoria\/wp-content\/uploads\/2022\/03\/logo-victoria-seguros.png\",\"contentUrl\":\"https:\/\/eduardomorosini.com\/victoria\/wp-content\/uploads\/2022\/03\/logo-victoria-seguros.png\",\"width\":900,\"height\":400,\"caption\":\"Victoria Seguros\"},\"image\":{\"@id\":\"https:\/\/eduardomorosini.com\/victoria\/#\/schema\/logo\/image\/\"}}]}<\/script>\n<!-- \/ Yoast SEO plugin. -->","yoast_head_json":{"title":"Hogar - Victoria Seguros","robots":{"index":"index","follow":"follow","max-snippet":"max-snippet:-1","max-image-preview":"max-image-preview:large","max-video-preview":"max-video-preview:-1"},"canonical":"https:\/\/eduardomorosini.com\/victoria\/hogar\/","og_locale":"es_ES","og_type":"article","og_title":"Hogar - Victoria Seguros","og_description":"Inicio \/ Seguros \/ Hogar Hogar VICTORIA SEGUROS cuenta con una amplia gama de seguros que responden a tus necesidades en materia de cobertura de Hogar. Productos y servicios que ponemos a tu disposici\u00f3n. Combinado Familiar Plus VICTORIA SEGUROS\u00a0pone a su alcance\u00a0Cobertura Familiar Plus, un seguro integral para su vivienda, para que usted pueda armar [&hellip;]","og_url":"https:\/\/eduardomorosini.com\/victoria\/hogar\/","og_site_name":"Victoria Seguros","article_modified_time":"2025-11-24T19:44:06+00:00","twitter_card":"summary_large_image","schema":{"@context":"https:\/\/schema.org","@graph":[{"@type":"WebPage","@id":"https:\/\/eduardomorosini.com\/victoria\/hogar\/","url":"https:\/\/eduardomorosini.com\/victoria\/hogar\/","name":"Hogar - Victoria Seguros","isPartOf":{"@id":"https:\/\/eduardomorosini.com\/victoria\/#website"},"datePublished":"2025-06-16T08:47:00+00:00","dateModified":"2025-11-24T19:44:06+00:00","breadcrumb":{"@id":"https:\/\/eduardomorosini.com\/victoria\/hogar\/#breadcrumb"},"inLanguage":"es","potentialAction":[{"@type":"ReadAction","target":["https:\/\/eduardomorosini.com\/victoria\/hogar\/"]}]},{"@type":"BreadcrumbList","@id":"https:\/\/eduardomorosini.com\/victoria\/hogar\/#breadcrumb","itemListElement":[{"@type":"ListItem","position":1,"name":"Portada","item":"https:\/\/eduardomorosini.com\/victoria\/"},{"@type":"ListItem","position":2,"name":"Hogar"}]},{"@type":"WebSite","@id":"https:\/\/eduardomorosini.com\/victoria\/#website","url":"https:\/\/eduardomorosini.com\/victoria\/","name":"Victoria Seguros","description":"Seguros para Automotores :: Empresas :: Cauci\u00f3n :: Agro :: ART :: Accidentes Personales ::","publisher":{"@id":"https:\/\/eduardomorosini.com\/victoria\/#organization"},"potentialAction":[{"@type":"SearchAction","target":{"@type":"EntryPoint","urlTemplate":"https:\/\/eduardomorosini.com\/victoria\/?s={search_term_string}"},"query-input":{"@type":"PropertyValueSpecification","valueRequired":true,"valueName":"search_term_string"}}],"inLanguage":"es"},{"@type":"Organization","@id":"https:\/\/eduardomorosini.com\/victoria\/#organization","name":"Victoria Seguros","url":"https:\/\/eduardomorosini.com\/victoria\/","logo":{"@type":"ImageObject","inLanguage":"es","@id":"https:\/\/eduardomorosini.com\/victoria\/#\/schema\/logo\/image\/","url":"https:\/\/eduardomorosini.com\/victoria\/wp-content\/uploads\/2022\/03\/logo-victoria-seguros.png","contentUrl":"https:\/\/eduardomorosini.com\/victoria\/wp-content\/uploads\/2022\/03\/logo-victoria-seguros.png","width":900,"height":400,"caption":"Victoria Seguros"},"image":{"@id":"https:\/\/eduardomorosini.com\/victoria\/#\/schema\/logo\/image\/"}}]}},"_links":{"self":[{"href":"https:\/\/eduardomorosini.com\/victoria\/wp-json\/wp\/v2\/pages\/12777","targetHints":{"allow":["GET"]}}],"collection":[{"href":"https:\/\/eduardomorosini.com\/victoria\/wp-json\/wp\/v2\/pages"}],"about":[{"href":"https:\/\/eduardomorosini.com\/victoria\/wp-json\/wp\/v2\/types\/page"}],"author":[{"embeddable":true,"href":"https:\/\/eduardomorosini.com\/victoria\/wp-json\/wp\/v2\/users\/1"}],"replies":[{"embeddable":true,"href":"https:\/\/eduardomorosini.com\/victoria\/wp-json\/wp\/v2\/comments?post=12777"}],"version-history":[{"count":67,"href":"https:\/\/eduardomorosini.com\/victoria\/wp-json\/wp\/v2\/pages\/12777\/revisions"}],"predecessor-version":[{"id":14061,"href":"https:\/\/eduardomorosini.com\/victoria\/wp-json\/wp\/v2\/pages\/12777\/revisions\/14061"}],"wp:attachment":[{"href":"https:\/\/eduardomorosini.com\/victoria\/wp-json\/wp\/v2\/media?parent=12777"}],"curies":[{"name":"wp","href":"https:\/\/api.w.org\/{rel}","templated":true}]}}